actors of z(2)?
2, 11, 19
Suppose -51*s = -57*s - 24. List the prime factors of (-13)/26 - 994/s.
2, 31
Let h(z) = -1 + z**2 + 3*z + 3 - 2 + 1. Let c be h(-4). Suppose -4*w + 80 = -4*k, -c*k - 30 - 7 = -2*w. List the prime factors of w.
3, 7
Suppose -1031 - 21 = -z. List the prime factors of z.
2, 263
Suppose 0*i + 3*i = 9. Suppose -40*j - 10 = -42*j. Suppose h - 1 - 4 = -4*a, -j*a + 19 = -i*h. What are the prime factors of a?
2
Let d(c) = -20*c. Let y(o) = 7*o. Let n(l) = 5*d(l) + 16*y(l). Let b be n(3). Suppose -3*a = a - b. List the prime factors of a.
3
Suppose -110*s + 105*s = 0. Let p(d) = 4*d. Let i be p(6). Suppose s*h = -h + i. List the prime factors of h.
2, 3
Let y(c) = -1102*c**3 - 5*c**2 - 11*c - 10. List the prime factors of y(-1).
2, 3, 61
Let o be 128/32*37/(-2). Let v = 157 + o. List the prime factors of v.
83
List the prime factors of ((-3)/(-5) - 16/(-40)) + 540.
541
Suppose 0 = -50*k + 48*k + 3442. List the prime factors of k.
1721
Suppose 4*s - 77 + 188 = 5*n, -s - 114 = -5*n. List the prime factors of n.
23
Suppose -4*p + 2*y - 11 = 5, 0 = -3*p - 5*y - 38. Let w be (-10)/15 - 100/p. Suppose -g = w - 46. List the prime factors of g.
2, 3, 5
Let n = 3634 - 2540. List the prime factors of n.
2, 547
Suppose -4*x = 5*f - 163, -3*f + 5*f + 4*x = 58. Let u = f + 31. What are the prime factors of u?
2, 3, 11
Suppose 0 = r - 7*r + 18. Suppose 0 = 3*o - 4*o - r*k + 45, 4 = k. What are the prime factors of o?
3, 11
Suppose 0 = -5*b - 0*b + 5*v + 100, 2*b - v = 44. Let j = 38 - b. What are the prime factors of j?
2, 7
Let r be 16/6 + 6/18. Suppose 189 = r*o - 3. Suppose -o = -8*c + 4*c. List the prime factors of c.
2
List the prime factors of 102/(-1 - -4)*(24 + 16).
2, 5, 17
Let x be ((-9)/(-3)*-1)/((-30)/20). Suppose -x*k + 4*w + 220 = 0, 2*w = -16 + 6. List the prime factors of k.
2, 5
Suppose 0 = -4*t + 7*t - 2*k - 8, 3*t = -5*k + 22. List the prime factors of t.
2
Suppose 0 = 2474*b - 2472*b - 504. List the prime factors of b.
2, 3, 7
Suppose -4*z = -3*m - 1807, -5*m + 6 = -3*m. What are the prime factors of z?
2, 227
Let t(w) = w**2 + 3*w. Let o be t(-3). Suppose o = 10*p - 6*p - 140. List the prime factors of 4/(-10) - (-1589)/p.
3, 5
Let j(b) = -6*b - 198. Let h be j(-33). Let i = -3 - -5. Suppose h = -2*n - i*n + 188. What are the prime factors of n?
47
Let x be 6/(-10) + 52/20. Suppose 120 = x*h + 2*h. Suppose 4*j - 108 = -0*j - 4*c, j - h = -2*c. What are the prime factors of j?
2, 3
Suppose 0 = -20*b + 2841 + 1599. Suppose -54*j = -57*j + b. What are the prime factors of j?
2, 37
Let n(h) = 6*h + 1. Let x be n(2). Suppose -534 - 1104 = -26*m. Let c = m - x. What are the prime factors of c?
2, 5
Let w be (12/10)/((-16)/(-40)). Suppose 0 = -5*j + w*q + 7, 0*q = -3*j + q + 1. What are the prime factors of (j/(-2))/((-4)/(-152))?
19
Suppose -5*w + 5*u - 1 = -16, -5*u = 3*w - 41. Let g = w + -1. Suppose 4*c - g*c = -20. List the prime factors of c.
2, 5
Let g(h) = 27*h**3 - h**2 - 7*h - 5. Let c(j) = 53*j**3 - 2*j**2 - 15*j - 11. Let p(u) = -6*c(u) + 13*g(u). List the prime factors of p(1).
2
Let o be 4*1*(-20)/10. Let v = o + 10. Suppose -3*q = -d + 3*d - 29, v*q - 30 = -2*d. What are the prime factors of d?
2
Let m(b) = 70*b**2 - 3*b - 36. List the prime factors of m(-4).
2, 137
Let q(m) = m**2 - m + 11. Let r be q(12). Let f(w) = -w**3 + w**2 + 3*w + 3. Let i be f(5). Let a = i + r. What are the prime factors of a?
61
Let g = 2762 + -716. What are the prime factors of g?
2, 3, 11, 31
Suppose -971*a = -963*a - 4880. What are the prime factors of a?
2, 5, 61
Let m(o) = -6*o + 254. Let u be m(0). Suppose 0 = 5*z + 2*c - u, -z - c + 58 = 3*c. What are the prime factors of z?
2, 5
What are the prime factors of (-9)/(-72) - 10711/(-8)?
13, 103
Let g(h) = -h**3 + 11*h**2 + 2. Let m be g(11). Suppose -m*l = -7*l - 2*r + 210, -3*l + 5*r = -126. List the prime factors of l.
2, 3, 7
Let k be ((-76)/133)/(1/(-7)). What are the prime factors of k/5 + (-436)/(-5)?
2, 11
What are the prime factors of (-4)/(-18) - 83504/(-72)?
2, 5, 29
Suppose 241 = 5*f + 21. Let q = f - 19. Suppose q + 0 = t. What are the prime factors of t?
5
Suppose -2*w - 2584 = -2*j, -3*w + 5165 = 4*j - 4*w. What are the prime factors of j?
1291
Suppose 18*c - 37409 - 4513 = 0. What are the prime factors of c?
17, 137
Suppose 4 = -5*j - 5*i - 6, -2*j = 3*i + 8. Let n(y) = 8*y**3 + 2*y. What are the prime factors of n(j)?
2, 17
Let z(j) = j**3 + 17*j - 144. List the prime factors of z(8).
2, 3, 7
Let m = -21 - -29. Suppose -u + m = 3. Suppose -u*v - 15 = -70. List the prime factors of v.
11
Let p(y) = -56*y + 40. Let o be p(4). Let d = o - -403. List the prime factors of d.
3, 73
Let h(a) = a + 18. Let o = 24 - 14. List the prime factors of h(o).
2, 7
Suppose 4*c = 2*a - 8, 2*c = 3*a - 20 - 0. Let m(x) = x + 14. List the prime factors of m(a).
2, 11
Suppose -5*z + 15 = -10. Let l(k) = k**2 - 3*k - 6. Let g be l(z). Suppose -g*h = 4*c - 6 - 62, 3*c + 5*h - 43 = 0. List the prime factors of c.
3, 7
Let b be 3*3/(-18)*-2. Let v = 8 + b. What are the prime factors of v?
3
Let z = 321 - 201. Suppose 5*k = 2*k + z. Suppose 4*w = s - k, -5*s + 3*s - 4*w = -80. List the prime factors of s.
2, 5
Suppose 6*d + 8 = 7*d. Suppose -109 = -9*k + d*k. List the prime factors of k.
109
Let b(i) = -11*i - 1. Suppose 19*c - 22*c + 9 = 0. Suppose -15 = c*w + 2*w. List the prime factors of b(w).
2
Suppose k + 3 - 23 = -5*p, -10 = 3*p + 5*k. Suppose -p*l + 8*l - x + 36 = 0, 5*l + 3*x = -60. What are the prime factors of 30/(-4)*l/18?
5
What are the prime factors of 458 - -147 - -1*1*-1?
2, 151
Let j = -14 - -19. Suppose 4*w - 100 = -w + j*x, -3*w = -5*x - 64. What are the prime factors of w?
2, 3
Let m = -4 + 13. Let j(x) = x**2 + x + 20 - x - x + m*x. What are the prime factors of j(-8)?
2, 5
Let h(z) = 33*z + 5. Suppose 5*u + 40 = 5*d, -20 = -9*d + 4*d + u. What are the prime factors of h(d)?
2, 13
Let b be 7/6 + (-1)/6. List the prime factors of (-14)/21 + b + (-88)/(-6).
3, 5
List the prime factors of (-4)/42 + 651920/840.
2, 97
Let i(h) = -2*h + 18. Suppose 2*b - 5*q + 33 = 0, -3*b + 0*q + 2*q - 22 = 0. What are the prime factors of i(b)?
2, 13
Suppose 3*a + 3*b + 12 = -0*a, a - 5*b - 26 = 0. Let h be (a - 1)*3/6. Suppose 3*k - c - 151 = h, -k - k + 118 = -5*c. What are the prime factors of k?
7
Let h = -25 + 252. Suppose 2*t - 77 = h. List the prime factors of t.
2, 19
Let h be 2/(-8) + 894/(-8). Let p be (-3 - -4) + (h - 1). List the prime factors of (-3)/(-6)*p/(-2).
2, 7
Let w(i) = 4*i**2 - 18*i - 448. What are the prime factors of w(-13)?
2, 3, 7, 11
What are the prime factors of (189/6 + -3)*146/3?
19, 73
Suppose 2*u + 2*u = -44. Let y = u - -11. Suppose -5*c + 8 = v, 5*v - 68 = 3*c - y*c. List the prime factors of v.
13
What are the prime factors of (-76)/(-171) - 27838/(-18)?
7, 13, 17
Let s be (-54)/(-18)*5/3. Suppose v - 2*t + s*t = 23, t + 118 = 4*v. What are the prime factors of v?
29
Let q be (-2 - 2)*-5 - 4. What are the prime factors of (-16)/20*(-236)/q*10?
2, 59
Suppose 3*j = 2*x - 9 + 2, -17 = -3*x - 2*j. Suppose 1 = -4*y + x. List the prime factors of y + (-2 - -2) + 30.
31
Suppose 27*v - 29*v = -2324. List the prime factors of v.
2, 7, 83
Suppose 0*w + 4*w - 2*s = -24, 0 = -w - 5*s + 5. Let q be w/10 + (-596)/(-8). What are the prime factors of -4 + 2 + q - 0?
2, 3
Suppose 2*j + 8226 = -5*q + 8*q, 5*j = 4*q - 10975. What are the prime factors of q?
2, 5, 137
Let j = 830 + -286. List the prime factors of j.
2, 17
Let u be 0 - (-5)/(-15)*0. Suppose -3*c - d + 67 = u, -4*c - d = 2*d - 81. What are the prime factors of c?
2, 3
Let d be -5*(-1)/(-10)*28. Let s = d - -16. Suppose -b + 0*b - s*c = -30, 3*c - 9 = 0. What are the prime factors of b?
2, 3
Let y(h) = 62*h - 92. List the prime factors of y(6).
2, 5, 7
Suppose -3*y - 18 = -3*x, -x = -3*y - 3 - 7. Let m = -882 + 885. What are the prime factors of (1/y)/(m/(-252))?
2, 3, 7
Let f = -21 + 23. Let z(o) = -6*o**2 + 3 + 1 + 2*o**2 + o + 11*o**3. List the prime factors of z(f).
2, 3, 13
Suppose -49*h + 71*h - 25432 = 0. What are the prime factors of h?
2, 17
Suppose -10*j + 6*j = -208. Suppose 0 = 216*o - 218*o + j. List the prime factors of o.
2, 13
List the prime factors of 7*65*(-84)/(-105).
2, 7, 13
Let n(j) = 2